nder when l is divided by 19.
16
Suppose -3929 = -192*q + 7455 - 2936. Let c(p) = p + 9. Suppose 0*n = n. What is the remainder when q is divided by c(n)?
8
Let v = 91 - 58. Suppose m + 2*m = 33. Calculate the remainder when 687/33 - (-6)/v is divided by m.
10
Let x = -88 - -97. What is the remainder when (-102)/(-4) + 3/(-6) is divided by x?
7
Suppose -4*s = -k + 20 + 3, 4*k - 3*s = 157. Let v = 375 - 364. Calculate the remainder when k is divided by v.
10
Suppose -2*a - 5 + 11 = 0. Suppose s = 3*r - 5*r + 8, 7 = s + a*r. Calculate the remainder when 28 is divided by s.
8
Let a(q) = -18*q**2 + 134*q - 10. What is the remainder when a(7) is divided by 25?
21
Let h = -3 - -15. Suppose 0 = -2*z - 19 - 15. Let q = 39 + z. What is the remainder when q is divided by h?
10
Let o(h) = h**3 - 3*h**2 + 6*h - 5. What is the remainder when 127 is divided by o(4)?
22
Let o = 1004 + -996. What is the remainder when 526 is divided by o?
6
Let c(g) = g**2 + 3*g - 6. Suppose 2 + 17 = -n. Let w = -7 - n. Calculate the remainder when c(4) is divided by w.
10
Suppose 0 = -5*f - 0 + 35. Suppose 10*t = f*t + 30. What is the remainder when 17 is divided by t?
7
Let c = 20 + 143. Calculate the remainder when c is divided by 41.
40
Suppose 0 = -4*f + 5*k + 364, -2*k + 0*k = -3*f + 273. Calculate the remainder when f is divided by 3.
1
Suppose -101 - 94 = -5*k - 5*g, -5*k - 3*g = -201. Suppose -k*s + 37*s = -70. What is the remainder when (2/(-3))/(2/(-120)) is divided by s?
12
Let w(s) = s**3 + 8*s**2 + 5*s - 1. Let q = 38 + -29. Calculate the remainder when w(-6) is divided by q.
5
Suppose -2 - 4 = -c. Suppose -c*r = -5*r - 4. Suppose -z = -6*z + 2*w + 5, 4*z + w = 17. What is the remainder when r is divided by z?
1
What is the remainder when -2 - 2236/(-12)*(-9)/(-3) is divided by 10?
7
Suppose -58 = -u + t - 5*t, 161 = 3*u - t. Suppose 0 = -u*d + 61*d - 175. Suppose 2*b - 33 = 165. Calculate the remainder when b is divided by d.
24
Let r = 59 - 6. What is the remainder when 210 is divided by r?
51
Let r(d) = d**2 + 3*d - 3. Let a be r(-3). Let m = a + 0. Let s(f) = f + 7. Calculate the remainder when 11 is divided by s(m).
3
Let r(c) = c**3 - 3*c**2 + 4*c - 2. Let m = 5 - 2. Let u(z) = -z**3 + 4*z**2 - 2*z. Let k be u(m). What is the remainder when 39 is divided by r(k)?
9
Let v(n) be the third derivative of 8*n**2 - 1/6*n**4 + 1/30*n**5 + 0*n + 0 - 7/6*n**3. Calculate the remainder when 91 is divided by v(5).
22
Suppose 43 = -10*m + 11*m. Suppose 0 = o - 2*c - 1, -o - 2*o = 4*c - m. Suppose 4*d = 12, 2*d + 158 = 5*l - 2*d. What is the remainder when l is divided by o?
7
Suppose 0 = -224*x + 227*x - 99. Let d(w) = 3*w**3 - 3*w**2 + 4*w - 2. Calculate the remainder when x is divided by d(2).
15
Let d be (-2 + 3)/(8/904). Suppose -3*a = -2*v + 72, 0 = -3*v + 4*a - 2*a + d. What is the remainder when v is divided by (-42)/(-8)*(-160)/(-60)?
11
Suppose 35*h + 66*h = 3030. Calculate the remainder when 187 is divided by h.
7
Let x be (-1)/(-3) + 1395/27. Let m be x/(-6)*33/22. Let l = m + 20. What is the remainder when 18 is divided by l?
4
Let x(a) be the first derivative of a**3/3 + 7*a**2/2 - 3*a - 44. Suppose -2*h - 3*h = 40. Calculate the remainder when 17 is divided by x(h).
2
Let q = -11 - -11. Suppose -4*f - 20 = -p, p - 8 = f - q*f. Calculate the remainder when p is divided by -1*((-1)/(-1) + -4).
1
Let o(c) be the first derivative of -c**3/3 - 23*c**2/2 + 21*c - 6. What is the remainder when o(-21) is divided by 22?
19
Let p be 8/(-28) - 52/14. Let t be -48 - 3/(-6)*p. Let h = t - -72. Calculate the remainder when 42 is divided by h.
20
Let o = -7 - -17. Suppose -2*u = -5*w + 11 + 4, -o = -2*w. Suppose 4*s + 4 - 16 = 0, -u*h + 68 = s. What is the remainder when h is divided by 7?
6
Let g(r) = 16*r - 73. Let f be g(5). Let z(t) = t**2 - 5*t + 15. Calculate the remainder when 114 is divided by z(f).
27
Suppose 0 = -377*c + 370*c + 105. What is the remainder when c is divided by 5?
0
Let m = -36 + 22. Let d(b) = 5*b + 77. Let p be d(28). What is the remainder when (p/m)/((-2)/4) is divided by 17?
14
Let d(c) = 14*c**3 + 2*c - 1. Calculate the remainder when 5 + (-15)/(-5) + 33 is divided by d(1).
11
Let g(t) = -t**3 + 6*t**2 - t + 5. Let l be g(6). Let s be -3 - (l - 0) - 16. Let b = s + 50. Calculate the remainder when b is divided by 17.
15
Let a = 32 + -53. Let t = 28 - a. Let f(o) = -o**3 + 7*o**2 + 77. Calculate the remainder when t is divided by f(8).
10
Suppose 3*i + 4*a - 71 = 0, 22*a = 3*i + 20*a - 59. What is the remainder when 91 is divided by i?
7
Let u be 3*-1 - (12 + -63). Suppose -5*r + 37 + u = 0. What is the remainder when 32 is divided by r?
15
Suppose 5*x = 4*k - 0 + 6, -4*k + 2 = -x. Let z = 3 - -2. Suppose -h - z + 23 = u, -x*h = -2*u - 16. What is the remainder when 37 is divided by h?
11
Suppose -9*i - 100 = 89. What is the remainder when 38 is divided by (-426)/i - (-2 + (-48)/(-21))?
18
Let w(o) = o**2 + 8*o - 20. Let l be w(-10). Suppose l = -20*j + 15*j + 55. Calculate the remainder when 76 is divided by j.
10
Let q(l) = 2*l**3 + 24*l**2 + 13*l - 72. What is the remainder when 107 is divided by q(-11)?
26
Let u(c) = 4*c + 1. Let j = 5 + -4. Let f = 2 - j. Calculate the remainder when 7 is divided by u(f).
2
Suppose 5*s = -j + 5, -12 = 2*j - 2. Calculate the remainder when 6 is divided by s.
0
Let k be ((-2)/(-5))/(2/20). Let r(i) be the second derivative of i**4/12 + 7*i**3/6 - 5*i**2/2 + 83*i. What is the remainder when r(k) is divided by 10?
9
Let j = 526 + -459. What is the remainder when 228 is divided by j?
27
Let m(f) be the second derivative of -f**5/5 - f**4/12 - f**3/2 - 5*f**2/2 + 5*f. Calculate the remainder when m(-2) is divided by 15.
14
Let h = -334 + 538. Suppose -156 = 345*b - 348*b. What is the remainder when h is divided by b?
48
Let l(g) = 3*g + 10. Let j = 1 + 4. What is the remainder when 49 is divided by l(j)?
24
What is the remainder when 55 is divided by (-1)/(9/(-243)) + 1?
27
Suppose 2*u = 14*u - 528. What is the remainder when u is divided by 3?
2
Let j(o) = -74*o + 11. Let g be j(-3). Suppose -2*s - 3*f = -101, 4*s = -s - f + g. What is the remainder when 179 is divided by s?
41
Let n be 26/10 - (-10)/25. Suppose 4*y + n*d = -0*y + 18, 0 = -y - 2*d + 7. Suppose -9 = y*z - 4*z. Calculate the remainder when z is divided by 3.
0
Let d(g) = -3*g**2 + 27*g - 1. Calculate the remainder when d(8) is divided by (-1)/(22/24 - 1).
11
Suppose f - 560 = -4*w, 0 = 3*f - 2*f + 2*w - 554. What is the remainder when f is divided by 12?
8
Calculate the remainder when ((-6)/(-9))/(4/348) is divided by 20.
18
Suppose -183*d + 314 = -136 - 831. Let a(s) = 5*s + 1. What is the remainder when a(6) is divided by d?
3
Let j = -118 + 278. Suppose 134*a = 138*a - j. Calculate the remainder when a is divided by 21.
19
Suppose 4*d = -4*t + 252, 5*t - 55 = 4*t + 3*d. Let z = 66 - t. What is the remainder when 8 is divided by z?
3
Let g(y) be the third derivative of -y**5/60 + 5*y**4/12 - 4*y**3/3 + 11*y**2. What is the remainder when 43 is divided by g(4)?
11
Suppose -4*j + 3 = -5. Let t = j - 2. What is the remainder when 29 is divided by (-1 - t)/(5/(-50))?
9
Suppose 0*j + 2*t = -4*j + 336, 0 = -2*t. What is the remainder when j is divided by 11?
7
Suppose 4*m - m - 63 = 0. Suppose 58 = 3*b + o, b = -4*b - o + 96. Calculate the remainder when (2/(-18))/(7/m)*-222 is divided by b.
17
Suppose -1 = a, -3*p + 4*a = 3*a - 343. Suppose 0 = -z - 5*z + p. Calculate the remainder when 54 is divided by z.
16
Suppose -13*k + 8*k + 124 = 2*t, 3*t = -k + 30. What is the remainder when k is divided by 12?
0
Let n be (-2 - -10)*62/4. Let a = 228 - n. Let i = a - 57. What is the remainder when i is divided by 12?
11
Let o = 1 + 2. Suppose 3*n + 5*d + 25 - 161 = 0, 36 = n - o*d. Let y(u) = -10*u - 29. Calculate the remainder when n is divided by y(-4).
9
Let f = -593 - -878. What is the remainder when f is divided by 36?
33
Calculate the remainder when 62 is divided by (-1 - 2*-1)/(23/621).
8
Suppose 5*i - 536 + 126 = 0. Suppose 150 = t + 140. Calculate the remainder when i is divided by t/(-3)*21/(-5).
12
Suppose 2*q + n = -0*n + 8, 2*n = 4*q - 8. Suppose 39 = c + 5*t, 2*c - q*c - 1 = -5*t. Calculate the remainder when c is divided by 4.
3
Calcul